{"id":13,"date":"2022-11-07T10:46:18","date_gmt":"2022-11-07T09:46:18","guid":{"rendered":"https:\/\/www.raschkequadrat.de\/blog\/?page_id=13"},"modified":"2025-05-20T20:23:01","modified_gmt":"2025-05-20T18:23:01","slug":"michael","status":"publish","type":"page","link":"https:\/\/www.raschkequadrat.de\/blog\/michael\/","title":{"rendered":"Michael"},"content":{"rendered":"\n<div class=\"wp-block-columns is-layout-flex wp-container-core-columns-is-layout-9d6595d7 wp-block-columns-is-layout-flex\">\n<div class=\"wp-block-column is-layout-flow wp-block-column-is-layout-flow\">\n<p>Jeden Tag treibt mich eine Frage an: <\/p>\n\n\n\n<p>Wie k\u00f6nnen wir die Welt f\u00fcr unsere Kinder retten?<\/p>\n\n\n\n<figure class=\"wp-block-image size-full umschalterMobil\"><img loading=\"lazy\" decoding=\"async\" width=\"600\" height=\"617\" src=\"https:\/\/www.raschkequadrat.de\/blog\/wp-content\/uploads\/2022\/11\/michael.jpg\" alt=\"\" class=\"wp-image-24\" srcset=\"https:\/\/www.raschkequadrat.de\/blog\/wp-content\/uploads\/2022\/11\/michael.jpg 600w, https:\/\/www.raschkequadrat.de\/blog\/wp-content\/uploads\/2022\/11\/michael-292x300.jpg 292w\" sizes=\"auto, (max-width: 600px) 100vw, 600px\" \/><\/figure>\n\n\n\n<p>Ich bin Unternehmer, Wissenschaftler und Netzwerker. Ich habe Physik studiert und in der Informatik an der Schnittstelle zwischen Visualisierung und Kognitionswissenschaft promoviert. Danach habe ich mit zwei Kollegen vom Institut, an dem ich gearbeitet hatte, zusammen mit unserem Doktorvater ein Unternehmen gegr\u00fcndet. Wir entwickelten eine Software zur Analyse des Blickverhaltens und vertreiben diese seit mehreren Jahren erfolgreich weltweit und bieten Entwicklungsdienstleistungen zur Datenanalyse an. Damit wurde mein Lebenstraum wahr: Unternehmer zu sein. Menschen neue M\u00f6glichkeiten zu er\u00f6ffnen und damit die Welt zu ver\u00e4ndern.<\/p>\n\n\n\n<p>Seit ich als Kind diesen Traum tr\u00e4umte, hatte sich jedoch die Welt weiterentwickelt. Leider nicht zum Guten. Die Menschheit steht vor unmenschlichen Herausforderungen. Wie sieht die Zukunft aus? Mehr und mehr Menschen gruseln sich vor der Antwort. Ich denke als Unternehmer. Solange wir etwas unternehmen k\u00f6nnen, ist es noch nicht zu sp\u00e4t. Wie meine Frau und ich \u00fcber die Klimakatastrophe denken, wie wir unseren Alltag ver\u00e4ndert haben und warum wir denken, dass unser Leben jetzt viel cooler ist, erfahrt ihr in unserem Blog.<\/p>\n\n\n\n<a href=\"https:\/\/www.linkedin.com\/in\/michael-raschke-91835293\/\" target=\"_blank\" style=\"padding: 15px 10px 0 0\" rel=\"noopener\"><img decoding=\"async\" src=\"\/blog\/dateien\/LinkedIn_icon.png\"><\/a>\n\n<a href=\"https:\/\/www.researchgate.net\/profile\/Michael-Raschke-3\" target=\"_blank\" style=\"padding: 15px 10px 0 0\" rel=\"noopener\"><img decoding=\"async\" src=\"\/blog\/dateien\/ResearchGate_icon.jpg\"><\/a>\n\n<a href=\"https:\/\/www.xing.com\/profile\/Michael_Raschke2\/\" target=\"_blank\" style=\"padding: 15px 10px 0 0\" rel=\"noopener\"><img decoding=\"async\" src=\"\/blog\/dateien\/XING_icon.png\"><\/a>\n<\/div>\n\n\n\n<div class=\"wp-block-column is-layout-flow wp-block-column-is-layout-flow\">\n<figure class=\"wp-block-image size-full umschalterDesktop\"><img loading=\"lazy\" decoding=\"async\" width=\"600\" height=\"617\" src=\"https:\/\/www.raschkequadrat.de\/blog\/wp-content\/uploads\/2022\/11\/michael.jpg\" alt=\"\" class=\"wp-image-24\" srcset=\"https:\/\/www.raschkequadrat.de\/blog\/wp-content\/uploads\/2022\/11\/michael.jpg 600w, https:\/\/www.raschkequadrat.de\/blog\/wp-content\/uploads\/2022\/11\/michael-292x300.jpg 292w\" sizes=\"auto, (max-width: 600px) 100vw, 600px\" \/><\/figure>\n<\/div>\n<\/div>\n\n\n\n<div style=\"height:20px\" aria-hidden=\"true\" class=\"wp-block-spacer\"><\/div>\n\n\n\n<p><\/p>\n\n\n\n<div class=\"wp-block-columns is-layout-flex wp-container-core-columns-is-layout-9d6595d7 wp-block-columns-is-layout-flex\">\n<div class=\"wp-block-column is-layout-flow wp-block-column-is-layout-flow\" style=\"flex-basis:100%\">\n<h2 class=\"wp-block-heading\">Lebenslauf<\/h2>\n<\/div>\n<\/div>\n\n\n\n<div class=\"wp-block-columns is-layout-flex wp-container-core-columns-is-layout-9d6595d7 wp-block-columns-is-layout-flex\">\n<div class=\"wp-block-column is-layout-flow wp-block-column-is-layout-flow\">\n<table><tbody>\n    \n    <tr>\n    <td width=\"130\"><strong>2016 bis heute<\/strong><\/td>\n    <td class=\"lebenslaufStation\"><img decoding=\"async\" src=\"\/blog\/dateien\/blickshift-logo.png\"><br>Gesch\u00e4ftsf\u00fchrender Gesellschafter <a href=\"https:\/\/www.blickshift.com\" target=\"_blank\" rel=\"noopener\">Blickshift GmbH<\/a><\/td>\n    <\/tr>\n    \n    <tr>\n    <td><strong>2015 bis 2016<\/strong><\/td>\n    <td class=\"lebenslaufStationBS\">Projekt Blickshift<\/td>\n    <\/tr>\n    \n    <tr>\n    <td class=\"lebenslaufJahr\"><strong>2011 bis 2015<\/strong><\/td>\n    <td class=\"lebenslaufStation\"><img decoding=\"async\" src=\"\/blog\/dateien\/robopix-logo.png\"><br>Gesch\u00e4ftsf\u00fchrender Gesellschafter <a href=\"https:\/\/www.robopix.de\" target=\"_blank\" rel=\"noopener\">roboPix<\/a> UG (haftungsbeschr\u00e4nkt)<\/td>\n    <\/tr>\n    \n    <tr>\n    <td class=\"lebenslaufJahr\"><strong>2009 bis 2015<\/strong><\/td>\n    <td class=\"lebenslaufStation\"><img decoding=\"async\" src=\"\/blog\/dateien\/vis-logo.png\"><br>Wissenschaftler am <a href=\"https:\/\/www.vis.uni-stuttgart.de\" target=\"_blank\" rel=\"noopener\">Institut f\u00fcr Visualisierung und Interaktive Systeme<\/a> der Universit\u00e4t Stuttgart<\/td>\n    <\/tr>\n    \n    <tr>\n    <td class=\"lebenslaufJahr\"><strong>2004 bis 2009<\/strong><\/td>\n    <td class=\"lebenslaufStation\"><img decoding=\"async\" src=\"\/blog\/dateien\/uniheidelberg-logo.png\"><br>Studium Physik auf Diplom an der<br>\n    <a href=\"https:\/\/www.uni-heidelberg.de\" target=\"_blank\" rel=\"noopener\">Ruprecht-Karls-Universit\u00e4t Heidelberg<\/a><br>\n    <i>mit Interessen in K\u00fcnstlicher Intelligenz, Kosmologie, Robotics, Philosophie und \u00d6konomie<br>\n    Aktivit\u00e4ten und Verb\u00e4nde: <a href=\"https:\/\/sicor-mannheim.com\" target=\"_blank\" rel=\"noopener\">SICoR<\/a>, die Studierenden-Initiative Club of Rome e.V. an der Universit\u00e4t Mannheim<br>\n    <\/i><\/td>\n    <\/tr>\n    \n    <tr>\n    <td class=\"lebenslaufJahr\"><strong>2001 bis 2004<\/strong><\/td>\n    <td class=\"lebenslaufStation\"><img decoding=\"async\" src=\"\/blog\/dateien\/unistuttgart-logo.png\"><br>Studium Physik auf Diplom an der<br>\n    <a href=\"https:\/\/www.uni-stuttgart.de\" target=\"_blank\" rel=\"noopener\">Universit\u00e4t Stuttgart<\/a><br>\n    <i>mit Interessen in Astrophysik, Kosmologie und Philosophie<\/i><\/td>\n    <\/tr>\n    <\/tbody>\n    <\/table>\n    <\/figure>\n\n\n\n<p><\/p>\n<\/div>\n<\/div>\n\n\n\n<div class=\"wp-block-columns is-layout-flex wp-container-core-columns-is-layout-9d6595d7 wp-block-columns-is-layout-flex\">\n<div class=\"wp-block-column is-layout-flow wp-block-column-is-layout-flow\" style=\"flex-basis:75%\">\n<h2 class=\"wp-block-heading\">In den Medien (Auswahl)<\/h2>\n\n\n\n<figure class=\"wp-block-table is-style-stripes\"><table><tbody><tr><td width=\"120\"><strong>21.10.2019<\/strong><\/td><td>&#8222;Mit Deep Tech die Welt von Stuttgart aus beliefern&#8220; im <em>IHK Stuttgart Magazin<\/em><\/td><\/tr><tr><td><strong>25.8.2018<\/strong><\/td><td>Das Blickverhalten im Blick \u2013 Michael Raschke im Portr\u00e4t in <em>Stuttgarter Zeitung, Seite 12<\/em><\/td><\/tr><tr><td><strong>12.7.2018<\/strong><\/td><td>Ruf mal die IHK an, #gemeinsamf\u00fcrdiewirtschaft <em>IHK Stuttgart<\/em><\/td><\/tr><tr><td><strong>4.5.2017<\/strong><\/td><td>Stuttgart: 10 Startups, die man kennen sollte, <em>TECHTAG.DE<\/em><\/td><\/tr><tr><td><strong>11.2.2014<\/strong><\/td><td>Beitrag \u00fcber roboPix in der Sendung <em>Abenteuer Leben<\/em> auf Kabel1<\/td><\/tr><tr><td><strong>13.4.2013<\/strong><\/td><td>&#8222;Roboter per Gedankenkraft steuern&#8220; in der <em>Stuttgart Zeitung<\/em><\/td><\/tr><tr><td><strong>6.3.2012<\/strong><\/td><td>Beitrag \u00fcber roboPix in der Sendung <em>in.puncto<\/em> auf EinsPlus<\/td><\/tr><\/tbody><\/table><\/figure>\n<\/div>\n<\/div>\n\n\n\n<div class=\"wp-block-columns is-layout-flex wp-container-core-columns-is-layout-9d6595d7 wp-block-columns-is-layout-flex\">\n<div class=\"wp-block-column is-layout-flow wp-block-column-is-layout-flow\" style=\"flex-basis:66.66%\">\n<h2 class=\"wp-block-heading\">Auszeichnungen und Preise<\/h2>\n\n\n\n<figure class=\"wp-block-table is-style-stripes\"><table><tbody><tr><td width=\"120\"><strong>2019<\/strong><\/td><td>Aufnahme in die Personendatenbank der Landesbibliographie Baden-W\u00fcrttemberg als eine von  44.500 Pers\u00f6nlichkeiten aus dem Bundesland Baden-W\u00fcrttemberg und ihren historischen Vorl\u00e4ufer<\/td><\/tr><tr><td><strong>2016<\/strong><\/td><td>Blickshift ist Teilnehmer beim ersten Batch der Start-up Autobahn<\/td><\/tr><tr><td><strong>2016<\/strong><\/td><td>Blickshift ist Finalist beim zweiten newNew-Festival von code_n<\/td><\/tr><tr><td ><strong>2013<\/strong><\/td><td>Best Short Paper Award als Co-Autor f\u00fcr &#8222;Circular Heat Map Transition Diagram&#8220;, Erstautor: Dr. Tanja Blascheck, ETSA 2013 in Kapstadt, S\u00fcdafrika<\/td><\/tr><\/tbody><\/table><\/figure>\n<\/div>\n\n\n\n<div class=\"wp-block-column is-layout-flow wp-block-column-is-layout-flow\" style=\"flex-basis:33.33%\"><\/div>\n<\/div>\n\n\n\n<h2 class=\"wp-block-heading\">Publikationen<\/h2>\n\n\n\n<p><\/p>\n\n\n\n<div class=\"wp-block-columns is-layout-flex wp-container-core-columns-is-layout-9d6595d7 wp-block-columns-is-layout-flex\">\n<div class=\"wp-block-column is-layout-flow wp-block-column-is-layout-flow\" style=\"flex-basis:66.66%\">\n<p><strong>2024<\/strong><\/p>\n\n\n\n<p>Mathias Trefzger, Michael Raschke, Michael Fath, and Jochen Eckart. 2024. What does it Take to Test a Bicycle Simulator for Realism? A Discussion of the Challenges and Possible Evaluation Methods. In Proceedings of Mensch und Computer 2024 (MuC &#8217;24). Association for Computing Machinery, New York, NY, USA, 461\u2013465. https:\/\/doi.org\/10.1145\/3670653.3677491<\/p>\n\n\n\n<p><\/p>\n\n\n\n<div style=\"height:20px\" aria-hidden=\"true\" class=\"wp-block-spacer\"><\/div>\n\n\n\n<p><strong>2023<\/strong><\/p>\n\n\n\n<p>C. Gressel&nbsp;<em>et al<\/em>.,&nbsp;Privacy-Aware Eye Tracking: Challenges and Future Directions, in&nbsp;<em>IEEE Pervasive Computing<\/em>, vol. 22, no. 1, pp. 95-102, 1 Jan.-March 2023, doi: 10.1109\/MPRV.2022.3228660.<\/p>\n\n\n\n<div style=\"height:20px\" aria-hidden=\"true\" class=\"wp-block-spacer\"><\/div>\n\n\n\n<p><strong>2021<\/strong><\/p>\n\n\n\n<p>Thomas Berger and Michael Raschke. 2021.&nbsp;Repetition effects in task-driven eye movement analyses after longer time-spans.&nbsp;In: <em>ACM Symposium on Eye Tracking Research and Applications (ETRA \u201921 Short Papers).<\/em>&nbsp;Association for Computing Machinery, New York, NY, USA, Article 6, 1\u20136.&nbsp;<\/p>\n\n\n\n<div style=\"height:20px\" aria-hidden=\"true\" class=\"wp-block-spacer\"><\/div>\n\n\n\n<p><strong>2019<\/strong><\/p>\n\n\n\n<p>Unaizah Obaidellah, Michael Raschke, and Tanja Blascheck. 2019.&nbsp;Classification of strategies for solving programming problems using AoI sequence analysis. In&nbsp;<em>Proceedings of the 11th ACM Symposium on Eye Tracking Research &amp; Applications&nbsp;(ETRA \u201919).<\/em> ACM, New York, NY, USA, Article 15, 9 pages.&nbsp;<\/p>\n\n\n\n<div style=\"height:20px\" aria-hidden=\"true\" class=\"wp-block-spacer\"><\/div>\n\n\n\n<p><strong>2018<\/strong><\/p>\n\n\n\n<p>Mathias Trefzger, Tanja Blascheck, Michael Raschke, Sarah Hausmann, and Thomas Schlegel. 2018.&nbsp;A visual comparison of gaze behavior from pedestrians and cyclists. In&nbsp;<em>Proceedings of the 2018 ACM Symposium on Eye Tracking Research &amp; Applications&nbsp;(ETRA \u201918).<\/em> ACM, New York, NY, USA, Article 104, 5 pages.<\/p>\n\n\n\n<div style=\"height:20px\" aria-hidden=\"true\" class=\"wp-block-spacer\"><\/div>\n\n\n\n<p><strong>2017<\/strong><\/p>\n\n\n\n<p>Blascheck, Tanja ; Kurzhals, Kuno ; Raschke, Michael ; Burch, Michael ; Weiskopf, Daniel ; Ertl, Thomas: Visualization of Eye Tracking Data: A Taxonomy and Survey. In: <em>Computer Graphics Forum, Computer Graphics Forum.<\/em> (2017)<\/p>\n\n\n\n<div style=\"height:20px\" aria-hidden=\"true\" class=\"wp-block-spacer\"><\/div>\n\n\n\n<p><strong>2016<\/strong><\/p>\n\n\n\n<p>Blascheck, Tanja ; Kurzhals, Kuno ; Raschke, Michael ; Strohmaier, Stefan ; Weiskopf, Daniel ; Ertl, Thomas: AOI Hierarchies for Visual Exploration of Fixation Sequences. In: <em>Proceedings of the Symposium on Eye Tracking Research and Applications<\/em>. ETRA \u201916, 2016<\/p>\n\n\n\n<p>Raschke, Michael: <em>Neue Methoden und Techniken f\u00fcr die Evaluation von Visualisierungen<\/em>, Universit\u00e4t Stuttgart, 2016<\/p>\n\n\n\n<p>Raschke, Michael ; Schmitz, Bernhard ; W\u00f6rner, Michael ; Ertl, Thomas ; Diederichs, Frederik: Application Design for an Eye Tracking Analysis based on Visual Analytics. In: <em>Proceedings of the Symposium on Eye Tracking Research and Applications<\/em>. ETRA \u201916, 2016. \u2014 Rezensiertes Poster<\/p>\n\n\n\n<div style=\"height:20px\" aria-hidden=\"true\" class=\"wp-block-spacer\"><\/div>\n\n\n\n<p><strong>2015<\/strong><\/p>\n\n\n\n<p>Blascheck, Tanja ; Burch, Michael ; Kurzhals, Kuno ; Pfl\u00fcger, Hermann ; Raschke, Michael ; Pfeiffer, Thies: Eye Tracking Visualization. In: <em>Zwicker, M. ; Soler, C. (Hrsg.) ; Zwicker, M. ; Soler, C. (Hrsg.): EG 2015 &#8211; Tutorials<\/em>, EG 2015 &#8211; Tutorials : The Eurographics Association, 2015<\/p>\n\n\n\n<p>Pfl\u00fcger, Hermann ; H\u00f6ferlin, Benjamin ; Raschke, Michael ; Ertl, Thomas: Simulating Fixations when Looking at Visual Arts. In: <em>TAP, A. (Hrsg.) ACM Transactions on Applied Perception<\/em>. ACM, Bd. 12 (2015), Nr. 3<\/p>\n\n\n\n<p>Blascheck, Tanja ; Burch, Michael ; Raschke, Michael ; Weiskopf, Daniel: Challenges and Perspectives in Big Eye-Movement Data Visual Analytics. In:<em> 2015 Big Data Visual Analytics (BDVA)<\/em>. 2015<\/p>\n\n\n\n<div style=\"height:20px\" aria-hidden=\"true\" class=\"wp-block-spacer\"><\/div>\n\n\n\n<p><strong>2014<\/strong><\/p>\n\n\n\n<p>Raschke, Michael ; Herr, Dominik ; Blascheck, Tanja ; Burch, Michael ; Schrauf, Michael ; Willmann, Sven ; Ertl, Thomas: A Visual Approach for Scan Path Comparison. In: <em>Proceedings of the Symposium on Eye Tracking Research and Applications, <\/em>ETRA \u201914. ACM, 2014<\/p>\n\n\n\n<p>Raschke, Michael ; Ertl, Thomas: Eye Tracking Framework for Analyzing Cognitive Bias. In: <em>DECISIVe Workshop at VIS 2014 conference<\/em>, DECISIVe Workshop at VIS 2014 conference, 2014<\/p>\n\n\n\n<p>Burch, Michael ; Beck, Fabian ; Raschke, Michael ; Blascheck, Tanja ; Weiskopf, Daniel: A Dynamic Graph Visualization Perspective on Eye Movement Data. In: <em>Proceedings of the Symposium on Eye Tracking Research and Applications<\/em>, ETRA \u201914. ACM, 2014<\/p>\n\n\n\n<p>Burch, Michael ; Schmauder, Hansj\u00f6rg ; Raschke, Michael ; Weiskopf, Daniel: Saccade Plots. In: ACM (Hrsg.) ; ACM (Hrsg.): <em>Proceedings of Symposium on Eye Tracking Research and Applications<\/em>, 2014<\/p>\n\n\n\n<p>Blascheck, Tanja ; Kurzhals, Kuno ; Raschke, Michael ; Burch, Michael ; Weiskopf, Daniel ; Ertl, Thomas: State-of-the-Art of Visualization for Eye Tracking Data. In: <em>EuroVis STAR<\/em>, EuroVis STAR, 2014<\/p>\n\n\n\n<p>Raschke, Michael ; Blascheck, Tanja ; Strohmaier, Stefan ; Ertl, Thomas: Annotation of Graphical Elements in Visualizations for an Efficient Analysis of Visual Tasks. In: <em>CHI 2013 Extended Abstracts<\/em>, CHI 2013 Extended Abstracts : ACM, 2014<\/p>\n\n\n\n<p>Raschke, Michael ; Blascheck, Tanja ; Ertl, Thomas: Cognitive Ergonomics in Visualization. In: Ebert, A. ; van der Veer, G. C. ; Domik, G. ; Gershon, N. D. ; Scheler, I. (Hrsg.) ; Ebert, A. ; van der Veer, G. C. ; Domik, G. ; Gershon, N. D. ; Scheler, I. (Hrsg.): <em>Building Bridges: HCI, Visualization, and Non-formal Modeling<\/em>. 2014. Aufl. : Springer-Verlag, 2014<\/p>\n\n\n\n<p>Raschke, Michael ; Blascheck, Tanja ; Richter, Marianne ; Agapkin, Tanja ; Ertl, Thomas: Visual Analysis of Perceptual and Cognitive Processes. In: <em>Proceedings of the International Joint Proceedings of the 5th International Conference on Information Visualization Theory and Applications<\/em>, IVAPP \u201914. Bd. 2014, 2014<\/p>\n\n\n\n<p>Burch, Michael ; Raschke, Michael ; Blascheck, Tanja ; Kurzhals, Kuno ; Weiskopf, Daniel: How Do People Read Metro Maps? An Eye Tracking Study. In: P<em>roceedings of 1st International Workshop on Schematic Mapping<\/em>, 2014<\/p>\n\n\n\n<div style=\"height:20px\" aria-hidden=\"true\" class=\"wp-block-spacer\"><\/div>\n\n\n\n<p><strong>2013<\/strong><\/p>\n\n\n\n<p>Ragni, Marco ; Raschke, Michael ; Stolzenberg, Frieder: <em>Proceedings of the KI 2013 Workshop on Visual and Spatial Cognition (KIK-WS 2013)<\/em>. 1055. Aufl. : CEUR Workshop Proceedings (CEUR-WS.org), 2013<\/p>\n\n\n\n<p>Blascheck, Tanja ; Raschke, Michael ; Ertl, Thomas: eTaddy &#8211; Ein intergratives Framework f\u00fcr die Erstellung, Durchf\u00fchrung und Analyse von Eyetracking-Daten. In: <em>GI-Edition Lecture Notes in Informatics<\/em>, Informatiktage 2013. Bd. 12 : K\u00f6llen Druck+Verlag GmbH, 2013<\/p>\n\n\n\n<p>Haag, Florian ; Blascheck, Tanja ; Schmitz, Bernhard ; Raschke, Michael: Ber\u00fchrpunkte mit der Visualisierung. In: <em>Schlegel, T. (Hrsg.): Multi-Touch &#8211; Interaktion durch Ber\u00fchrung, Multi-Touch &#8211; Interaktion durch Ber\u00fchrung<\/em>. Springer-Verlag, 2013<\/p>\n\n\n\n<p>Pfleging, Bastian ; Raschke, Michael ; P\u00fcttmann, Edwin ; Ploner, Nico: PowerWall Interactions. In: <em>CHI 2013 Extended Abstracts<\/em>, ACM, 2013<\/p>\n\n\n\n<p>Blascheck, Tanja ; Raschke, Michael ; Ertl, Thomas: Circular Heat Map Transition Diagram. In: <em>Proceedings of the 2013 conference on Eye Tracking South Africa, ETSA \u201913<\/em>, ACM, 2013<\/p>\n\n\n\n<p>Burch, Michael ; Raschke, Michael ; Weiskopf, Daniel: Exploring Spatio-Temporal Data Modeled as Dynamic Weighted Relations. In: <em>Proceedings of the KI 2013 Workshop \u201eVisual and Spatial Cognition\u201c<\/em>,  2013<\/p>\n\n\n\n<p>Funk, Markus ; Raschke, Michael: Brain Painting: Action Paintings based on BCI-Input. In: <em>Mensch &amp; Computer 2013<\/em>. Bd. 2013, 2013<\/p>\n\n\n\n<p>Ragni, Marco ; Raschke, Michael ; Stolzenburg, Frieder: Proceedings of the KI 2013 Workshop on Visual and Spatial Cognition : Report Series of the Transregional Collaborative Research Center SFB\/TR 8 Spatial Cognition Universit\u00e4t Bremen \/ Universit\u00e4t Freiburg, 2013<\/p>\n\n\n\n<p>Burch, Michael ; Andrienko, Gennady L. ; Andrienko, Natalia V. ; H\u00f6ferlin, Markus ; Raschke, Michael ; Weiskopf, Daniel: Visual Task Solution Strategies in Tree Diagrams. In: <em>Proceedings of the IEEE PacificVIS 2013<\/em>, Proceedings of the IEEE PacificVIS 2013, 2013<\/p>\n\n\n\n<p>Raschke, Michael ; Engelhardt, Stephan ; Ertl, Thomas: A Framework for Simulating Visual Search Strategies. In: <em>Proceedings of the 11th International Conference on Cognitive Modeling<\/em>, 2013<\/p>\n\n\n\n<p>Wimmer, Christian ; Schlegel, Thomas ; Lohmann, Steffen ; Raschke, Michael: Teilautomatisierte Migration von graphischen Benutzeroberfl\u00e4chen f\u00fcr Touchscreens. In: <em>Schlegel, T. (Hrsg.) ; Schlegel, T. (Hrsg.): Multi-Touch &#8211; Interaktion durch Ber\u00fchrung, Multi-Touch &#8211; Interaktion durch Ber\u00fchrung<\/em>. Springer, 2013<\/p>\n\n\n\n<p>Raschke, Michael ; Blascheck, Tanja ; Burch, Michael: Visual Analysis of Eye Tracking Data. In: Huang, W. (Hrsg.) ; Huang, W. (Hrsg.): <em>Handbook of Human Centric Visualization<\/em>. Springer-Verlag, 2013<\/p>\n\n\n\n<div style=\"height:20px\" aria-hidden=\"true\" class=\"wp-block-spacer\"><\/div>\n\n\n\n<p><strong>2012<\/strong><\/p>\n\n\n\n<p>Wimmer, Christian ; Lohmann, Steffen ; Raschke, Michael ; Schlegel, Thomas: Migration und Anpassung von Benutzeroberfl\u00e4chen f\u00fcr Touchscreens. In: <em>Mensch &amp; Computer 2012<\/em>. M\u00fcnchen, 2012<\/p>\n\n\n\n<p>Burch, Michael ; Raschke, Michael ; Greis, Miriam ; Weiskopf, Daniel: Enriching Indented Pixel Tree Plots with Node-Oriented Quantitative, Categorical, Relational, and Time-Series Data. In: <em>Cox, P. T. ; Plimmer, B. ; Rodgers, P. J. (Hrsg.) ; Cox, P. T. ; Plimmer, B. ; Rodgers, P. J. (Hrsg.): Diagrammatic Representation and Inference &#8211; 7th International Conference<\/em>, Diagrams 2012, Canterbury, UK, July 2-6, 2012. Canterbury, UK, July 2-6, 2012. Proceedings. : Springer, 2012<\/p>\n\n\n\n<p>Raschke, Michael ; Chen, Xuemei ; Ertl, Thomas: Parallel Scan-Path Visualization. In: <em>Proceedings of the 2012 Symposium on Eye-Tracking Research and Applications<\/em>. Bd. 2012 : ACM, 2012<\/p>\n\n\n\n<p>Haag, Florian ; Raschke, Michael ; Ertl, Thomas: Adaptable Filter Graphs &#8211; Towards Highly-Configurable Query Visualizations. In: <em>Goltz, U. ; Magnor, M. ; Appelrath, H.-J. ; Matthies, H. ; Balke, W.-T. ; Wolf, L. (Hrsg.) ; Goltz, U. ; Magnor, M. ; Appelrath, H.-J. ; Matthies, H. ; Balke, W.-T. ; Wolf, L. (Hrsg.): Informatik 2012<\/em>. Bd. 208 : Gesellschaft f\u00fcr Informatik e.V. (GI), 2012<\/p>\n\n\n\n<div style=\"height:20px\" aria-hidden=\"true\" class=\"wp-block-spacer\"><\/div>\n\n\n\n<p><strong>2011<\/strong><\/p>\n\n\n\n<p>Raschke, Michael ; Blascheck, Tanja ; Bold, David ; Muhler, Dominik ; Ertl, Thomas ; Schlegel, Thomas: Evaluation of Different Interaction Techniques for Touch Devices. In: <em>Proceedings of the IADIS International Conference on Interfaces and Human Computer Interaction<\/em>. Bd. 2011, 2011<\/p>\n\n\n\n<p>Burkovski, Andre ; H\u00f6ferlin, Benjamin ; Raschke, Michael ; Ertl, Thomas: TenSeconds &#8211; A Collaboration Platform for Distributed Action Painting. In: <em>Proceedings of 2nd International ICST Conference on Arts and Technology<\/em>, ArtsIT 2011, 2011<\/p>\n\n\n\n<p>Raschke, Michael ; Mombaur, Katja ; Schubert, Alexander: An optimization-based robot platform for the generation of action paintings. In: <em>International Journal of Arts and Technology, International Journal of Arts and Technology<\/em>. Bd. 4, Inderscience Enterprises Limited (2011), Nr. 2<\/p>\n\n\n\n<p>Raschke, Michael ; Heim, Philipp ; Ertl, Thomas: Interaktive verst\u00e4ndnisorientierte Optimierung von semantisch-annotierten Visualisierungen. In: <em>INFORMATIK 2011: Informatik schafft Communities; 41. Jahrestagung der Gesellschaft f\u00fcr Informatik e.V. (GI)<\/em>, INFORMATIK 2011. Bd. 2011 : Bonner K\u00f6llen Verlag, 2011<\/p>\n\n\n\n<p>H\u00f6ferlin, Benjamin ; H\u00f6ferlin, Markus ; Raschke, Michael ; Heidemann, Gunther ; Weiskopf, Daniel: Interactive Auditory Display to Support Situational Awareness in Video Surveillance. In: In: <em>Proceedings of the International Conference on Auditory Display (ICAD)<\/em>, 2011<\/p>\n\n\n\n<p>Haag, Florian ; Raschke, Michael ; Schlegel, Thomas: Ubiquitous Alignment. In: <em>Modiquitous 2011: Proceedings on the 1st International Workshop on Model-based Interactive Ubiquitous Systems<\/em>. Bd. 2011 : CEUR-WS, 2011<\/p>\n\n\n\n<div style=\"height:20px\" aria-hidden=\"true\" class=\"wp-block-spacer\"><\/div>\n\n\n\n<p><strong>2010<\/strong><\/p>\n\n\n\n<p>Raschke, Michael ; Mombaur, Katja ; Schubert, Alexander: JacksonBot &#8211; Design, Simulation and Optimal Control of an Action Painting Robot. In: <em>2009, A. ; YiLan ; Taiwan (Hrsg.) ; 2009, A. ; YiLan ; Taiwan (Hrsg.): Lecture Notes of the Institute for Computer Sciences, Social Informatics and Telecommunications Engineering<\/em>. Bd. 30 : Springer, 2010<\/p>\n\n\n\n<p>Burch, Michael ; Raschke, Michael ; Weiskopf, Daniel: Indented Pixel Tree Plots. In: <em>International Symposium on Visual Computing, International Symposium on Visual Computing<\/em>, 2010<\/p>\n\n\n\n<p>Schlegel, Thomas ; Raschke, Michael: Interaction-Cases: Model-Based Description of Complex Interactions in Use Cases. In: <em>Proceedings of the IADIS International Conferences Interfaces and Human Computer Interaction 2010 and Game and Entertainment Technologies 2010<\/em>, 2010<\/p>\n\n\n\n<p>Schlegel, Thomas ; Raschke, Michael ; Knittig, Markus ; Dridiger, A. ; Wokusch, Stefan ; Taras, Christiane: Evaluation of Current User Interface Generator Frameworks for Graphical Interactive Systems. In: <em>Proceedings of the IADIS International Conferences Interfaces and Human Computer Interaction 2010 and Game and Entertainment Technologies 2010<\/em>. 2010<\/p>\n\n\n\n<p>Taras, Christiane ; Raschke, Michael ; Schlegel, Thomas ; Ertl, Thomas ; Prescher, Denise ; Weber, Gerhard: Improving Screen Magnification Using the HyperBraille Multiview. In: <em>Computers Helping People with Special Needs 12th International Conference ICCHP 2010 Vienna Austria July 14-16 2010 Proceedings Part II<\/em>, Computers Helping People with Special Needs 12th International Conference ICCHP 2010 Vienna Austria July 14-16 2010 Proceedings Part II. Bd. 6180 : Springer, 2010<\/p>\n\n\n\n<p>Taras, Christiane ; Raschke, Michael ; Schlegel, Thomas ; Ertl, Thomas: Running Graphical Desktop Applications on Tactile Graphics Displays Made Easy. In: <em>Proceedings of 3rd International Conference on Software Development for Enhancing Accessibility and Fighting Info-exclusion (DSAI 2010), <\/em>25-26 November 2010 Oxford United Kingdom. UTAD &#8211; Universidade de Trs-os-Montes e Alto Douro, 2010<\/p>\n\n\n\n<p><\/p>\n\n\n\n<p><\/p>\n<\/div>\n\n\n\n<div class=\"wp-block-column is-layout-flow wp-block-column-is-layout-flow\" style=\"flex-basis:33.33%\"><\/div>\n<\/div>\n\n\n\n<p><\/p>\n\n\n\n<p><\/p>\n","protected":false},"excerpt":{"rendered":"<p>Jeden Tag treibt mich eine Frage an: Wie k\u00f6nnen wir die Welt f\u00fcr unsere Kinder retten? Ich bin Unternehmer, Wissenschaftler und Netzwerker. Ich habe Physik studiert und in der Informatik an der Schnittstelle zwischen Visualisierung und Kognitionswissenschaft promoviert. Danach habe ich mit zwei Kollegen vom Institut, an dem ich gearbeitet hatte, zusammen mit unserem Doktorvater [&hellip;]<\/p>\n","protected":false},"author":1,"featured_media":0,"parent":0,"menu_order":0,"comment_status":"closed","ping_status":"closed","template":"","meta":{"footnotes":""},"class_list":["post-13","page","type-page","status-publish","hentry"],"_links":{"self":[{"href":"https:\/\/www.raschkequadrat.de\/blog\/wp-json\/wp\/v2\/pages\/13","targetHints":{"allow":["GET"]}}],"collection":[{"href":"https:\/\/www.raschkequadrat.de\/blog\/wp-json\/wp\/v2\/pages"}],"about":[{"href":"https:\/\/www.raschkequadrat.de\/blog\/wp-json\/wp\/v2\/types\/page"}],"author":[{"embeddable":true,"href":"https:\/\/www.raschkequadrat.de\/blog\/wp-json\/wp\/v2\/users\/1"}],"replies":[{"embeddable":true,"href":"https:\/\/www.raschkequadrat.de\/blog\/wp-json\/wp\/v2\/comments?post=13"}],"version-history":[{"count":17,"href":"https:\/\/www.raschkequadrat.de\/blog\/wp-json\/wp\/v2\/pages\/13\/revisions"}],"predecessor-version":[{"id":227,"href":"https:\/\/www.raschkequadrat.de\/blog\/wp-json\/wp\/v2\/pages\/13\/revisions\/227"}],"wp:attachment":[{"href":"https:\/\/www.raschkequadrat.de\/blog\/wp-json\/wp\/v2\/media?parent=13"}],"curies":[{"name":"wp","href":"https:\/\/api.w.org\/{rel}","templated":true}]}}